*3 - 13*l**2 - 13*l + 48. Let f be v(14). What is the greatest common factor of f and 403?
31
Let a = 163 - 132. What is the highest common divisor of 589 and a?
31
Suppose 4*l + 54 = 13*l. Suppose l*b - 107 = -11. Calculate the highest common factor of b and 8.
8
Let o be ((-6)/(-5))/(3/10). Let k be -1*4*(-10)/o. Suppose -5*r + k = -f, 5*r = 6*r - 5*f - 2. What is the greatest common factor of r and 2?
2
Suppose 7 = -b - 22. Let u = b - -36. Calculate the greatest common divisor of u and 21.
7
Suppose 13*v + 400 = 8*v. Let n = 224 + v. What is the highest common factor of 16 and n?
16
Suppose h - 20 = 3*z, -3*z - 165 = -5*h - z. What is the highest common divisor of 98 and h?
7
Suppose 2*p = 7*r - 4*r - 1064, 2*r - 696 = -2*p. Calculate the greatest common factor of r and 11.
11
Suppose 25*y + 15 = 22*y, l - 4*y = 110. What is the highest common factor of l and 10?
10
Suppose -93 = -n + 2*v, -5*n + 11*v = 10*v - 429. Calculate the highest common divisor of 5 and n.
5
Let j = 11 - 8. Let v(g) = 2*g - 4. Let c be v(j). Let x be (40/25)/(c/15). Calculate the highest common divisor of x and 120.
12
Suppose -5*v - 230 = 5*y, 4*v + 0*y + 208 = 2*y. Let k = -49 - v. Calculate the greatest common divisor of 11 and k.
1
Let a(l) = 3*l**2 - 13*l + 12. Let f be a(8). Let w be ((-8)/2)/(-4) + 59. Suppose 4*y + 5*z = w, 5*z = 2*z - 12. What is the greatest common factor of y and f?
20
Suppose 2946 = 13*b + 125. What is the highest common divisor of b and 31?
31
Suppose 3*a = -a - 192. Suppose f + 0*f = 3, 3 = -3*c - 3*f. Let v be (34/c)/(4/a). Calculate the highest common divisor of 17 and v.
17
Suppose -4*d + 22 = 5*o, 2*d = -3*o + 15 - 1. Let r be 14 - (3 + (-4 - -3)). Let g = 18 - r. Calculate the greatest common factor of o and g.
6
Suppose 3*u + 5*c - 128 = 0, 7*u + c = 8*u - 32. What is the highest common divisor of u and 48?
12
Let a = 2 - -2. Suppose 4*j = 0, 4*n = j + 4 + a. Suppose 3*f + 29 = 6*f - 4*w, -2*f - n*w = 4. What is the highest common divisor of 24 and f?
3
Let a(r) = -r**3 - 25 + 3 + 0*r**3 + 14*r**2 + 4*r - 2*r**2. Let s be a(12). Calculate the greatest common factor of 39 and s.
13
Let z(h) = 3*h**3 + 242 - 250 - 2*h**3 - 6*h + 6*h**2. Suppose -2*k + 12 = -4*k. Let i be z(k). What is the greatest common factor of i and 4?
4
Let m(k) = 10*k + 854. Let z be m(-83). What is the highest common divisor of z and 568?
8
Let l be (-8)/(0 - 2)*-1. Let j be ((-240)/l)/(12/8). What is the highest common factor of j and 40?
40
Suppose 0 = -50*m + 45*m + 1890. Calculate the greatest common factor of m and 108.
54
Suppose 5*h - 39 = 81. Calculate the greatest common factor of 40 and h.
8
Let x be 2/(-6) + (-1027)/(-39). Let q = 29 + x. What is the highest common divisor of 5 and q?
5
Suppose 5*w + 8 = -p + w, 0 = -4*p + w + 2. Suppose p = 3*n - 20 - 415. Suppose 4*d + n = 685. What is the greatest common divisor of 15 and d?
15
Let c = 475 + -454. Let x(r) = -146*r + 1. Let i be x(-1). What is the highest common divisor of i and c?
21
Suppose 2*x - p - 26 = 0, 0 = -3*x + p + 2*p + 39. Let g = 3 + 23. What is the greatest common factor of g and x?
13
Suppose a = -4*d - 5, -4*a + 17 = 5*d + 4. Suppose 0 = 2*h - 394*k + 396*k - 22, -k + 53 = 4*h. What is the greatest common factor of a and h?
7
Let o be ((-12)/((-264)/(-121)))/((-1)/2). What is the greatest common divisor of o and 88?
11
Suppose -4*h - 5*m = -35, 16 = -4*m - 4. Suppose 4*a - 4*x = -6*x + 652, a - 156 = 3*x. Let j = a - 117. What is the highest common factor of j and h?
15
Let p = -33 + 70. Suppose r + 4*x = -2*r + 16, -5*x - p = -r. Let j = 260 - 152. What is the highest common factor of r and j?
12
Suppose 0 = -3*i, 5*o - 31 + 1 = -i. What is the greatest common divisor of o and 114?
6
Let v = -354 - -373. What is the highest common factor of 38 and v?
19
Let s be 70/6 - 3/(-9). Suppose 115*f = 114*f. Suppose f*m - 76 = -19*m. What is the highest common divisor of m and s?
4
Let c(i) = -i**3 - i + 5. Let g be c(0). Suppose -4*o + g = -19. Let d = -4434 - -4488. What is the greatest common factor of o and d?
6
Let a = -390 - -400. Calculate the highest common divisor of a and 250.
10
Suppose -3*j + q = -362, 2*j + 4*q = q + 245. Calculate the greatest common divisor of 33 and j.
11
Suppose 10 = -6*k + 11*k. Suppose 0 = k*m - 5 - 1. What is the highest common factor of m and 21?
3
Let a be (-4)/22 + 256/(-44). Let z(k) = k**2 + 2*k - 6. Let u be z(a). Calculate the greatest common divisor of 27 and u.
9
Suppose 0*u - u + 5 = 0. Suppose 5*i - i + 5*s = -15, -15 = u*s. Suppose i*w + 60 = w. What is the greatest common factor of w and 20?
20
Let v(k) = k**2 + 6*k + 5. Let u be v(-6). Suppose -420 = -0*h - u*h. Let o = 393 + -372. What is the greatest common divisor of o and h?
21
Let a(z) = 9*z**2 - 9*z**2 + 32*z**3. Let c be a(1). Let v = c + -11. Calculate the highest common factor of 14 and v.
7
Let m = 19433 + -19424. Suppose -124 = 2*u - 5*u + 4*n, -n - 112 = -3*u. What is the highest common factor of m and u?
9
Let s = 961 + -859. Let q(c) = 5*c + 1. Let m be q(1). What is the greatest common factor of s and m?
6
Suppose -3*o - 15*o + 240 - 24 = 0. Suppose -5*m = -3*c + 11, c + 2*m + 38 = 5*c. Calculate the highest common factor of c and o.
12
Suppose 45 = d - 3*y, -53 = -2*d - 5*y + 48. What is the greatest common factor of d and 48?
48
Let p be (-3)/(-18)*3*0. Suppose l + 3*g = -p*g, 5*g = -l. Suppose 4*y - 23 - 17 = l. What is the greatest common factor of y and 4?
2
Let o = -27 - -151. Suppose -110 = -6*f + o. What is the greatest common factor of 13 and f?
13
Let h = -74 - -140. Let v be ((-3476)/1106)/(2/(-14)). What is the highest common factor of v and h?
22
Let o(s) = -3*s**2 - 57*s - 45. Let z be o(-18). Calculate the highest common divisor of z and 1044.
9
Let h = -136 + 90. Let k = h + 53. Calculate the greatest common factor of 21 and k.
7
Suppose -10*r + 8*r = -30. Suppose -3*l = -6*l + 225. What is the highest common divisor of r and l?
15
Let d = -26 + 44. Calculate the highest common divisor of d and 9.
9
Suppose -j - 2 = 4*o, -4*o + j = -4 + 2. Suppose -4*g - 18 - 62 = o. Let p = g - -30. What is the greatest common factor of 2 and p?
2
Suppose 0*j = 5*j - 20. Suppose -729 = -5*i - 234. Suppose 5*l = j*l + i. What is the greatest common factor of 66 and l?
33
Suppose 0 = 3*v + 2*y - 7, 0 = -2*v - 0*v - 3*y + 3. Suppose -v*b + 0*b + 5*g = -19, -5*g = -b - 7. What is the highest common factor of 91 and b?
13
Suppose -3*z + 1080 = j, 4*z - 1440 = j - 4*j. Suppose 12*y - z = 9*y. Calculate the greatest common factor of y and 20.
20
Suppose -30 + 2 = -4*g. Calculate the highest common factor of g and 259.
7
Let o(h) = h**2 + 9*h + 1. Let f be o(-9). Let w be 960/6 + 0/f. What is the highest common divisor of 10 and w?
10
Let r(n) = -10 - 4 - 6 + 1 - 5*n. Let b = -19 - -11. Let l be r(b). Calculate the highest common factor of 63 and l.
21
Let n be (2/(-4))/((-3)/462). Let m be (-5 + 2)/(1 + -2). Suppose -5*b + 34 = -b + 3*h, -11 = -m*b + 5*h. Calculate the highest common factor of n and b.
7
Suppose -1 = 5*c + 34. Let k(w) = -w**3 - 6*w**2 + 9*w + 5. Let f be k(c). Let a = f - -15. What is the highest common divisor of a and 1?
1
Let b = 2 - 4. Let k = b + 6. Suppose k = v, 4*v - v - 162 = -3*i. What is the highest common divisor of 20 and i?
10
Suppose 4*z - 8*z = -8, -21 = -a - 4*z. Suppose -3 = -3*m + 4*l, m - 4*l = -4*m + a. What is the greatest common divisor of m and 5?
5
Let r = 0 - -37. Let w = -26 + r. What is the greatest common divisor of 33 and w?
11
Let s = -374 + 1889. Calculate the greatest common divisor of 101 and s.
101
Let q be (-78)/(-4) + 3/2. Suppose -12 = 2*h - 40. What is the highest common divisor of q and h?
7
Suppose -3*n = -6, 2*d - 7 = 4*n - 3. Let r be (-7 + 42)/7*(-4)/10*-3. Calculate the highest common divisor of r and d.
6
Suppose -i + 1 = 7. Let r be 6/(-27) + (-274)/(-18). Let v be 437/r - i/(-45). Calculate the highest common factor of 29 and v.
29
Let f = 18 - 21. Let n be 6/((-106)/22 + 2 - f). What is the highest common divisor of n and 3?
3
Suppose 384*x - 39 = 381*x. What is the highest common divisor of 39 and x?
13
Suppose 3*m - 2 = m. Suppose -j + 5 - m = 0. Suppose 0*p - 3*p = -30. What is the greatest common divisor